9. What is a(3)?
10
Let g(a) = a**3 - 6*a**2 - 1555*a + 17794. Determine g(12).
-2
Let p(o) = 10530*o + 305364. Determine p(-29).
-6
Let a(h) = -281818*h - 281818. Give a(-1).
0
Let g(l) = -5490786*l + 49417069. What is g(9)?
-5
Let l(v) = v**2 - 6775*v + 141824. What is l(21)?
-10
Let n(z) = -6*z**2 - 478*z - 45. Determine n(-76).
1627
Let n(d) = -25*d**3 - 155*d**2 + 372*d + 96. What is n(-8)?
0
Let y(q) = -q**3 + 113*q**2 - 1017*q - 763. Give y(103).
576
Let l(j) = 4254*j**2 + 34023*j - 78. Calculate l(-8).
-6
Let f(x) = -18*x - 1201. Determine f(-34).
-589
Let c(w) = 1894*w - 500010. What is c(264)?
6
Let r(w) = 2*w**3 - 753*w**2 + 569*w - 72570. Calculate r(376).
-2
Let b(p) = -p**3 - 17*p**2 - 2046*p - 30235. Give b(-15).
5
Let y(v) = -408*v + 61541. Determine y(151).
-67
Let c(l) = -10*l**2 + 893*l - 15243. What is c(23)?
6
Let q(k) = 6*k**3 - 1660*k**2 + 1094*k + 2801. Determine q(276).
41
Let b(t) = -529*t**3 + t**2 + 146*t - 147. Determine b(1).
-529
Let k(t) = -2*t**3 - 273*t**2 - 3420*t + 128. Determine k(-14).
-12
Let t(g) = -g**3 - 22*g**2 + 159*g + 574. Calculate t(-27).
-74
Let a(n) = -2*n**3 - 103*n**2 + 380*n - 253. Determine a(-55).
22
Let t(a) = 8*a**2 - 705*a + 5760. What is t(79)?
-7
Let o(r) = -6*r**3 + 1228*r**2 - 7918*r - 448. Determine o(198).
-52
Let y(i) = 8*i**2 + 942*i - 1490. What is y(-112)?
-6642
Let p(a) = -a**3 + 28*a**2 - 219*a - 194. Calculate p(16).
-626
Let r(h) = 486*h + 104512. What is r(-215)?
22
Let s(f) = f**3 - 6903*f**2 + 34434*f + 287. What is s(5)?
7
Let g(x) = 241*x**3 - 11*x**2 + 14*x - 2. What is g(1)?
242
Let l(w) = w**3 - 295*w**2 + 11853*w + 651. Give l(247).
-90
Let g(l) = 95*l**2 - 5321*l + 64. Calculate g(56).
8
Let r(y) = -105*y**3 - y**2 - 696*y - 693. Give r(-1).
107
Let u(a) = -a**2 + 129805*a + 389418. Determine u(-3).
-6
Let n(c) = -84850*c - 848634. Give n(-10).
-134
Let m(p) = -15*p**2 + 82*p + 385. Give m(-3).
4
Let t(k) = -2*k**3 + 6*k**2 + 46*k + 48. Determine t(-3).
18
Let g(v) = 5*v**2 - 421*v - 551. Give g(83).
-1049
Let u(l) = -23*l**2 - 311*l + 1857. Calculate u(6).
-837
Let x(p) = -p**3 + 255*p**2 + 4339*p + 78. Give x(271).
891
Let h(x) = 94*x + 123. Calculate h(-5).
-347
Let n(k) = -k**3 - 86*k**2 + 17*k + 1542. Determine n(-86).
80
Let k(n) = n**2 + 380*n + 23193. Give k(-76).
89
Let c(f) = f**2 + 385*f - 188038. What is c(282)?
56
Let v(w) = -6*w**3 + 55*w**2 - 19*w + 82. Give v(9).
-8
Let j(a) = -28*a**2 - 17023*a + 103144. Calculate j(6).
-2
Let v(x) = 558*x**2 + 43*x - 45. Give v(1).
556
Let r(u) = -14085*u - 563609. Calculate r(-40).
-209
Let v(k) = -k**3 + 68*k**2 - 83*k + 10236. Give v(69).
-252
Let l(k) = -31*k**3 - 17951*k**2 - 1164*k - 3493. Determine l(-579).
-19
Let r(d) = -9827*d - 9824. Calculate r(-1).
3
Let g(a) = -86*a + 1484. What is g(17)?
22
Let b(a) = -1451*a + 612354. Give b(422).
32
Let n(l) = -12013*l**2 - 108099*l - 11. Calculate n(-9).
-173
Let i(a) = a**2 + 391*a + 29557. Calculate i(-102).
79
Let j(f) = -f**2 + 356*f - 31095. Give j(194).
333
Let h(z) = -14*z**3 - 5*z**2 + 1704*z + 1703. What is h(-1)?
8
Let y(h) = -5525*h - 1066334. What is y(-193)?
-9
Let a(r) = -r**3 + 596*r**2 - 6436*r - 5. Give a(11).
-16
Let x(c) = c**3 + 64*c**2 - 1801*c - 1995. Calculate x(22).
7
Let q(k) = 425*k**3 - 875*k**2 - 3*k + 15. Give q(2).
-91
Let m(b) = -154323*b - 1080270. Determine m(-7).
-9
Let k(l) = -6*l**3 + 213*l**2 - 841*l + 273. Determine k(31).
149
Let q(c) = -17831*c + 12624366. What is q(708)?
18
Let b(k) = -3*k**2 + 103*k + 1365. Give b(-12).
-303
Let h(i) = -17050*i - 119425. Determine h(-7).
-75
Let o(v) = 31*v**2 + 100*v - 134. Give o(2).
190
Let b(s) = 4*s**2 + 425*s + 1820. What is b(-102)?
86
Let f(b) = -14*b**3 + 1386*b**2 + 5*b - 439. Calculate f(99).
56
Let w(z) = z**3 - 322*z**2 - 1329*z + 8143. Give w(326).
-7
Let b(k) = -2*k**3 + 969*k**2 + 3535*k - 58084. What is b(488)?
-12
Let a(q) = -q**2 + 151*q - 3380. Give a(61).
2110
Let i(x) = -2*x**3 - 251*x**2 - 376*x - 506. What is i(-124)?
-10
Let b(r) = 2*r**3 + 192*r**2 + 40*r + 5239. Give b(-96).
1399
Let o(r) = -5*r**2 - 43*r + 950. Determine o(-19).
-38
Let j(n) = -662137*n - 15229150. What is j(-23)?
1
Let y(f) = 2*f**3 - 39*f**2 + 174*f - 18. Give y(6).
54
Let x(z) = z**3 + 24*z**2 - 221*z + 3. Give x(-31).
127
Let q(r) = -2957*r**2 + 340050*r + 586. Determine q(115).
11
Let k(f) = 47*f**3 + 3*f**2 - 937*f - 939. What is k(-1)?
-46
Let v(h) = 38*h**2 - 28*h + 822. Give v(0).
822
Let q(h) = 2*h**2 - 10*h - 176. Calculate q(19).
356
Let o(m) = m**3 - 110*m**2 + 524*m + 927. Give o(105).
822
Let s(x) = 2*x**3 + 30*x**2 - 87*x + 41. Determine s(-19).
-1194
Let q(g) = 55*g**3 + 5051*g**2 - 801*g + 2479. Give q(-92).
-5
Let i(j) = 27*j**3 + 271*j**2 + 18*j + 97. Calculate i(-10).
17
Let t(p) = 5174*p - 1117590. What is t(216)?
-6
Let d(r) = 33*r**2 - r + 16. Determine d(0).
16
Let u(z) = 948*z**2 - 50225*z - 993. Determine u(53).
14
Let x(s) = -2*s**2 - 98*s + 1178. Determine x(0).
1178
Let u(b) = -5999*b + 281994. Give u(47).
41
Let a(b) = -3154*b - 3481. Calculate a(-1).
-327
Let r(d) = 5*d**2 - 407*d + 1311. What is r(75)?
-1089
Let b(s) = 1719*s + 20586. What is b(-12)?
-42
Let y(r) = -10*r**3 + 775*r**2 - 377*r - 619. What is y(77)?
-3
Let j(m) = -7*m**2 + 974*m + 126940. Give j(-82).
4
Let c(y) = 261*y - 23776. Calculate c(91).
-25
Let n(j) = 5*j**3 + 7*j**2 + 80*j + 384. Calculate n(-4).
-144
Let s(g) = -g**2 - 559*g + 10802. Give s(19).
-180
Let q(v) = v**3 + 620*v**2 - 3803*v - 1204883. Give q(-623).
-1
Let h(x) = 17*x**2 - 769*x + 6404. Calculate h(11).
2
Let g(h) = 2*h**2 - 3305*h + 36116. Determine g(11).
3
Let x(s) = 3*s**2 + 85*s - 1928. Calculate x(15).
22
Let y(w) = -6*w**2 - 114*w - 71. Determine y(-16).
217
Let s(u) = -106813*u + 1495368. What is s(14)?
-14
Let t(n) = -3*n**3 + 9*n**2 - 281950*n + 845826. Give t(3).
-24
Let w(b) = b**3 + 45*b**2 + 270*b - 2702. Determine w(-15).
-2
Let y(v) = -78*v**2 + 14585*v + 29667. Determine y(189).
-6
Let c(k) = -2*k**3 + 3*k**2 - 292*k - 582. Give c(-2).
30
Let a(x) = 5968*x + 17879. Determine a(-3).
-25
Let b(t) = 6*t**3 + 142*t**2 + 237*t + 385. Give b(-22).
11
Let q(c) = 2907*c - 5799. Give q(2).
15
Let a(s) = -1424*s**2 + 111065*s + 549. Give a(78).
3
Let w(y) = -6750*y + 472528. Calculate w(70).
28
Let d(o) = 64946*o - 129907. What is d(2)?
-15
Let u(x) = -4175*x - 11706. What is u(-3)?
819
Let h(b) = -53*b**3 + 29*b**2 - 37*b + 41. Give h(1).
-20
Let x(d) = -10*d**2 - 1392*d + 17836. Calculate x(13).
-1950
Let v(h) = 2*h**3 - 81*h**2 - 151*h + 7477. What is v(40)?
-163
Let f(g) = -g**3 + 13*g**2 + 144*g + 856. Calculate f(-7).
828
Let i(v) = -68844*v + 136909. Calculate i(2).
-779
Let k(z) = -z**3 + 167*z**2 - 594*z - 9316. What is k(163)?
138
Let u(y) = -15*y**2 + 61*y - 176. Determine u(3).
-128
Let q(x) = -2*x**3 - 24*x**2 + 315*x. Give q(6).
594
Let w(n) = -23*n**3 + 31*n**2 - 52*n + 208. Determine w(4).
-976
Let i(x) = -69*x**2 - 15172*x + 1776. Determine i(-220).
16
Let k(m) = -45754*m - 275090. Give k(-6).
-566
Let n(k) = 2*k**3 - 218*k**2 - 207*k - 1146. Calculate n(110).
284
Let z(t) = 35666*t - 1890224. What is z(53)?
74
Let t(y) = 127*y + 26300. Calculate t(-206).
138
Let y(p) = p**3 - 153*p**2 - 2561*p - 363. What is y(-15)?
252
Let q(t) = -2416*t - 12984. Calculate q(-4).
-3320
Let d(h) = -74626*h + 298496. Determine d(4).
-8
Let s(q) = -q**2 + 154*q - 3464. What is s(126)?
64
Let f(c) = -3*c**3 + 75*c**2 - 247*c + 1078. Calculate f(22).
0
Let q(j) = -120605*j + 11457470. Calculate q(95).
-5
Let m(j) = -4*j**3 + 32*j**2 + 36*j + 31. Calculate m(9).
31
Let o(a) = a**3 - 32*a**2 + 221*a - 58. Give o(9).
68
Let n(g) = 3522*g**2 - 14059*g + 86. Give n(4).
202
Let x(o) = 9*o**2 - 43*o - 18. Give x(4).
-46
Let v(p) = -143722*p - 16671731. What is v(-116)?
21
Let l(p) = -33*p**3 - 434*p**2 + 262*p + 4255. Give l(-13).
4
Let m(k) = k**2 - 161*k + 565. Give m(0).
565
Let a(i) = -i**3 - 27*i**2 - 108*i - 24. Calculate a(-19).
-860
Let j(x) = -55*x + 1007. What is j(9)?
512
Let z(s) = -s**3 + 2*s**2 + 166*s + 96. Determine z(-13).
473
Let s(x) = -x**2 + 212*x - 4853. Determine s(26).
-17
Let l(z) = z**3 - 3*z**2 + 173*z - 330. Calculate l(2).
12
Let x(d) = 212*d - 1464. What is x(5)?
-404
Let s(w) = w**3 + 59*w**